{"id":76,"date":"2020-07-12T23:44:59","date_gmt":"2020-07-12T23:44:59","guid":{"rendered":"http:\/\/institutodegestalt.edu.mx\/home\/?page_id=76"},"modified":"2025-12-19T13:33:02","modified_gmt":"2025-12-19T19:33:02","slug":"especialidad-en-psicoterapia-gestalt","status":"publish","type":"page","link":"https:\/\/institutodegestalt.edu.mx\/home\/especialidad-en-psicoterapia-gestalt\/","title":{"rendered":"Especialidad en Psicoterapia Gestalt"},"content":{"rendered":"\n<p><strong><u>ESPECIALIDAD EN PSICOTERAPIA GESTALT<\/u><\/strong><\/p>\n\n\n\n<p>La Gestalt es una corriente de psicoterapia existencial humanista que estudia el organismo y sus relaciones dentro de un contexto \u00fanico. Tiene como objetivos lograr que la persona se libere de los bloqueos que disminuyen sus nivleles de satisfacci\u00f3n,&nbsp; autorealizaci\u00f3n y buen funcionamiento, logrando as\u00ed su crecimiento.<br><br>Pone \u00e9nfasis en la importancia del presente, el restablecimiento de las funciones de contacto y la capacidad de responsabilizarse de s\u00ed mismo, de ser aut\u00f3nomo y de ampliar la consciencia as\u00ed como la importancia de la satisfacci\u00f3n de las necesidades.<br><br>Para lograr todo esto, trabaja con la escucha emp\u00e1tica, el procesamiento de la experiencia a nivel emocional y cognitivo y con el experimento terap\u00e9utico. Este consiste en dise\u00f1ar y poner en pr\u00e1ctica una experiencia de aprendizaje significativo&nbsp; relevante para el tema del cliente, as\u00ed como con el encuentro entre el terapeuta y el consultante.<br><br>La Psicoterapia Gestalt ofrece marcos te\u00f3ricos y m\u00e9todos de intervenci\u00f3n que resultan muy \u00fatiles para hacer m\u00e1s eficiente el proceo terap\u00e9utico. Al llevar a cabo el proceso personal con la metodolog\u00eda Gest\u00e1ltica, el consultante experimentar\u00e1 cambios positivos observables en su calidad de vida, en su manera de realcionarse y en sus niveles de satisfacci\u00f3n.<br><br>Este programa cuenta con reconocimento de Validez Oficial por parte de la SEP y permite que el egresado obtenga c\u00e9dula profesional como Psicoterapeuta.<\/p>\n\n\n\n<p><strong>DURACI\u00d3N<\/strong><\/p>\n\n\n\n<p>Tres semestres, asistiendo a una clase de cuatro horas, una vez a la semana.<\/p>\n\n\n\n<p><strong>HORARIO<\/strong><\/p>\n\n\n\n<p>Mi\u00e9rcoles de 9:30 a 13:30 hrs.<\/p>\n\n\n\n<p>o<\/p>\n\n\n\n<p>Jueves&nbsp;de 17:00 a 21:00 hrs.<\/p>\n\n\n\n<p><strong>INICIO DEL PROGRAMA<\/strong><\/p>\n\n\n\n<p><\/p>\n","protected":false},"excerpt":{"rendered":"<p>ESPECIALIDAD EN PSICOTERAPIA GESTALT La Gestalt es una corriente de psicoterapia existencial humanista que estudia el organismo y sus relaciones dentro de un contexto \u00fanico. Tiene como objetivos lograr que la persona se libere de los bloqueos que disminuyen sus nivleles de satisfacci\u00f3n,&nbsp; autorealizaci\u00f3n y buen funcionamiento, logrando as\u00ed su crecimiento. Pone \u00e9nfasis en la [&hellip;]<\/p>\n","protected":false},"author":1,"featured_media":0,"parent":0,"menu_order":0,"comment_status":"closed","ping_status":"closed","template":"","meta":{"two_page_speed":{"current_score":{"desktop_score":80,"desktop_tti":"0.5\u00a0","mobile_score":98,"mobile_tti":"1.8\u00a0","date":"19.12.2025 01:33:23 pm","status":"completed"}},"footnotes":""},"class_list":["post-76","page","type-page","status-publish","hentry"],"_links":{"self":[{"href":"https:\/\/institutodegestalt.edu.mx\/home\/wp-json\/wp\/v2\/pages\/76","targetHints":{"allow":["GET"]}}],"collection":[{"href":"https:\/\/institutodegestalt.edu.mx\/home\/wp-json\/wp\/v2\/pages"}],"about":[{"href":"https:\/\/institutodegestalt.edu.mx\/home\/wp-json\/wp\/v2\/types\/page"}],"author":[{"embeddable":true,"href":"https:\/\/institutodegestalt.edu.mx\/home\/wp-json\/wp\/v2\/users\/1"}],"replies":[{"embeddable":true,"href":"https:\/\/institutodegestalt.edu.mx\/home\/wp-json\/wp\/v2\/comments?post=76"}],"version-history":[{"count":3,"href":"https:\/\/institutodegestalt.edu.mx\/home\/wp-json\/wp\/v2\/pages\/76\/revisions"}],"predecessor-version":[{"id":329,"href":"https:\/\/institutodegestalt.edu.mx\/home\/wp-json\/wp\/v2\/pages\/76\/revisions\/329"}],"wp:attachment":[{"href":"https:\/\/institutodegestalt.edu.mx\/home\/wp-json\/wp\/v2\/media?parent=76"}],"curies":[{"name":"wp","href":"https:\/\/api.w.org\/{rel}","templated":true}]}}