{"id":61,"date":"2020-07-12T23:36:05","date_gmt":"2020-07-12T23:36:05","guid":{"rendered":"http:\/\/institutodegestalt.edu.mx\/home\/?page_id=61"},"modified":"2025-12-19T11:17:21","modified_gmt":"2025-12-19T17:17:21","slug":"consejo-academico","status":"publish","type":"page","link":"https:\/\/institutodegestalt.edu.mx\/home\/consejo-academico\/","title":{"rendered":"Consejo Acad\u00e9mico"},"content":{"rendered":"\n<p><strong><u>CONSEJO ACAD\u00c9MICO<\/u><\/strong><\/p>\n\n\n\n<figure class=\"wp-block-table is-style-regular\"><table><tbody><tr><td>Jenny Rold\u00e1n Hayen<br><br>Paulina Balb\u00e1s Diez Barroso<br><br>Hilda D\u00edaz Marroqu\u00edn<br><br>Daniela L\u00f3pez Gurza<br><br>Mar\u00eda Cristina Rosales Vega<br><br>Juan Pablo Gonz\u00e1lez de Castilla Roldan<br><br>Sandra Guaglione Jim\u00e9nez <br><br>Martha Alicia Zu\u00f1iga Bohigas<br><br>M\u00f3nica Matilde Ram\u00edrez\u00a0<br><br>Jorge Iv\u00e1n Arroyo Ben\u00edtez<br><\/td><td><br>Beatriz Eugenia Sanchez Carranza\u00a0<br><br><br>Carmen Beatriz Avellaneda Gait\u00e1n\u00a0<br><br><br>Irma Martinez Basulto\u00a0<br><br><br>Soledad Hern\u00e1ndez S\u00e1nchez\u00a0<br><br><br>Omar Garc\u00eda Ponce de Le\u00f3n\u00a0<br><br><br>Diana Stephanie Ceja Santos\u00a0<br><br><br><\/td><\/tr><\/tbody><\/table><\/figure>\n\n\n\n<p>Junio 2024<\/p>\n\n\n\n<p><\/p>\n","protected":false},"excerpt":{"rendered":"<p>CONSEJO ACAD\u00c9MICO Jenny Rold\u00e1n Hayen Paulina Balb\u00e1s Diez Barroso Hilda D\u00edaz Marroqu\u00edn Daniela L\u00f3pez Gurza Mar\u00eda Cristina Rosales Vega Juan Pablo Gonz\u00e1lez de Castilla Roldan Sandra Guaglione Jim\u00e9nez Martha Alicia Zu\u00f1iga Bohigas M\u00f3nica Matilde Ram\u00edrez\u00a0 Jorge Iv\u00e1n Arroyo Ben\u00edtez Beatriz Eugenia Sanchez Carranza\u00a0 Carmen Beatriz Avellaneda Gait\u00e1n\u00a0 Irma Martinez Basulto\u00a0 Soledad Hern\u00e1ndez S\u00e1nchez\u00a0 Omar Garc\u00eda [&hellip;]<\/p>\n","protected":false},"author":1,"featured_media":0,"parent":0,"menu_order":0,"comment_status":"closed","ping_status":"closed","template":"","meta":{"two_page_speed":{"current_score":{"desktop_score":80,"desktop_tti":"0.5\u00a0","mobile_score":98,"mobile_tti":"1.8\u00a0","date":"19.12.2025 11:17:46 am","status":"completed"}},"footnotes":""},"class_list":["post-61","page","type-page","status-publish","hentry"],"_links":{"self":[{"href":"https:\/\/institutodegestalt.edu.mx\/home\/wp-json\/wp\/v2\/pages\/61","targetHints":{"allow":["GET"]}}],"collection":[{"href":"https:\/\/institutodegestalt.edu.mx\/home\/wp-json\/wp\/v2\/pages"}],"about":[{"href":"https:\/\/institutodegestalt.edu.mx\/home\/wp-json\/wp\/v2\/types\/page"}],"author":[{"embeddable":true,"href":"https:\/\/institutodegestalt.edu.mx\/home\/wp-json\/wp\/v2\/users\/1"}],"replies":[{"embeddable":true,"href":"https:\/\/institutodegestalt.edu.mx\/home\/wp-json\/wp\/v2\/comments?post=61"}],"version-history":[{"count":6,"href":"https:\/\/institutodegestalt.edu.mx\/home\/wp-json\/wp\/v2\/pages\/61\/revisions"}],"predecessor-version":[{"id":517,"href":"https:\/\/institutodegestalt.edu.mx\/home\/wp-json\/wp\/v2\/pages\/61\/revisions\/517"}],"wp:attachment":[{"href":"https:\/\/institutodegestalt.edu.mx\/home\/wp-json\/wp\/v2\/media?parent=61"}],"curies":[{"name":"wp","href":"https:\/\/api.w.org\/{rel}","templated":true}]}}