{"id":43,"date":"2020-07-12T23:24:47","date_gmt":"2020-07-12T23:24:47","guid":{"rendered":"http:\/\/institutodegestalt.edu.mx\/home\/?page_id=43"},"modified":"2025-12-19T11:34:59","modified_gmt":"2025-12-19T17:34:59","slug":"antecedentes","status":"publish","type":"page","link":"https:\/\/institutodegestalt.edu.mx\/home\/antecedentes\/","title":{"rendered":"Antecedentes"},"content":{"rendered":"\n<p><strong><u>ANTECEDENTES<\/u><\/strong><strong>.<\/strong><\/p>\n\n\n\n<p><strong>El Instituto de Gestalt ha venido desarrollando una labor formativa de especialistas en el campo de la orientaci\u00f3n individual y grupal en la Ciudad de Cuernavaca desde 1990 a la fecha, tiempo en el cual se destacan dos per\u00edodos: el primero del a\u00f1o de 1990 a 1995 como una extensi\u00f3n del Instituto Humanista de Psicoterapia Gestalt (M\u00e9xico) y el segundo de 1995 a la fecha como Instituto de Gestalt. A partir de 1999 recibe el Reconocimiento de Validez Oficial por parte de la Secretar\u00eda de Educaci\u00f3n del Estado de Morelos en las Especialidades en Enfoque Centrado en la Persona y en Psicoterapia Gestalt. En 2006 recibimos el REVOE para el programa de Licenciatura y en 2012 para la Maestr\u00eda.<\/strong><\/p>\n\n\n\n<p><strong>Estos a\u00f1os de trabajo constante, sistem\u00e1tico y organizado han redituado en experiencia, retroalimentaci\u00f3n y en enriquecimiento del trabajo acad\u00e9mico que fortalece el modelo de formaci\u00f3n de profesionales en el campo de la psicoterapia la educaci\u00f3n y la investigaci\u00f3n.<\/strong><\/p>\n\n\n\n<p><strong>Hasta el momento el Instituto de Gestalt es la \u00fanica instituci\u00f3n del Estado de Morelos que ofrece los programas de Licenciatura en Desarrollo Humano, las Especialidades en Enfoque Centrado en la Persona, en Psicoterapia Gestalt, Psicoterapia Energ\u00e9tica, Constelaciones Familiares, Trabajo Gest\u00e1ltico con Ni\u00f1os y Adolescentes, los diplomados en Sincronizaci\u00f3n Cerebral y Trabajo Gest\u00e1ltico con el S\u00edntoma, as\u00ed como la Maestr\u00eda en Educaci\u00f3n Centrada en la Persona.<\/strong><\/p>\n","protected":false},"excerpt":{"rendered":"<p>ANTECEDENTES. El Instituto de Gestalt ha venido desarrollando una labor formativa de especialistas en el campo de la orientaci\u00f3n individual y grupal en la Ciudad de Cuernavaca desde 1990 a la fecha, tiempo en el cual se destacan dos per\u00edodos: el primero del a\u00f1o de 1990 a 1995 como una extensi\u00f3n del Instituto Humanista de [&hellip;]<\/p>\n","protected":false},"author":1,"featured_media":0,"parent":0,"menu_order":0,"comment_status":"closed","ping_status":"closed","template":"","meta":{"two_page_speed":{"previous_score":{"status":"error_no_score"},"current_score":{"desktop_score":80,"desktop_tti":"0.5\u00a0","mobile_score":98,"mobile_tti":"1.8\u00a0","date":"19.12.2025 11:35:21 am","status":"completed"}},"footnotes":""},"class_list":["post-43","page","type-page","status-publish","hentry"],"_links":{"self":[{"href":"https:\/\/institutodegestalt.edu.mx\/home\/wp-json\/wp\/v2\/pages\/43","targetHints":{"allow":["GET"]}}],"collection":[{"href":"https:\/\/institutodegestalt.edu.mx\/home\/wp-json\/wp\/v2\/pages"}],"about":[{"href":"https:\/\/institutodegestalt.edu.mx\/home\/wp-json\/wp\/v2\/types\/page"}],"author":[{"embeddable":true,"href":"https:\/\/institutodegestalt.edu.mx\/home\/wp-json\/wp\/v2\/users\/1"}],"replies":[{"embeddable":true,"href":"https:\/\/institutodegestalt.edu.mx\/home\/wp-json\/wp\/v2\/comments?post=43"}],"version-history":[{"count":1,"href":"https:\/\/institutodegestalt.edu.mx\/home\/wp-json\/wp\/v2\/pages\/43\/revisions"}],"predecessor-version":[{"id":45,"href":"https:\/\/institutodegestalt.edu.mx\/home\/wp-json\/wp\/v2\/pages\/43\/revisions\/45"}],"wp:attachment":[{"href":"https:\/\/institutodegestalt.edu.mx\/home\/wp-json\/wp\/v2\/media?parent=43"}],"curies":[{"name":"wp","href":"https:\/\/api.w.org\/{rel}","templated":true}]}}